). List the prime factors of -3*2/(-3) + k.
2, 7
Suppose 2*y - 30 = 2*a - 2, -y + 14 = -4*a. Suppose 3*f + 13 - 31 = 0. Suppose -f = j - y. What are the prime factors of j?
2
Let l(m) = -14*m**3 + 5*m**2 + m - 1. List the prime factors of l(-2).
3, 43
Let f = -8 + 12. Suppose 0 = 2*p - 3*w + 3, 5*w = 2*p + 13 - f. List the prime factors of p.
3
List the prime factors of (3 - 0/2)*7.
3, 7
Let l(v) = -v**3 + 8*v**2 - 4*v - 3. Suppose 5*u - 2*u + 10 = -2*p, -10 = -2*p + 2*u. Let j = p - -6. What are the prime factors of l(j)?
2, 3
Let d(p) = -4*p + 4 + p + 2*p**2 - 1. What are the prime factors of d(4)?
23
Suppose o = 2*o. Suppose -2*u - r + 34 = o, 5*r - 15 = -5*u + 70. Let x = u - 10. List the prime factors of x.
7
Let k(j) be the third derivative of j**6/120 - j**5/12 + j**4/8 + 4*j**2. Let f be k(3). Let i = -5 - f. List the prime factors of i.
2
Let w(z) = z**3 + 3*z**2 + 4*z + 2. Let q be w(-4). Let y = 59 + q. List the prime factors of y.
29
Let m = -2 + 4. Let q = m + 1. Suppose -4*h + b = -15, -q*b + 3 = -0*b. What are the prime factors of h?
2
Suppose -7*z = -3*z - 124. List the prime factors of z.
31
Let l = -13 - -1. Let h be (4/6)/((-8)/l). What are the prime factors of (5 - h)*20/8?
2, 5
What are the prime factors of (-25 + 0)/(((-30)/9)/10)?
3, 5
What are the prime factors of (130/39)/(3/((-378)/(-4)))?
3, 5, 7
Let w(n) = n**3 - 15*n**2 - 22*n - 40. What are the prime factors of w(17)?
2, 41
Let u(j) = -60*j - 7. List the prime factors of u(-2).
113
Suppose -190 = -2*m - 5*n, n = 5*m + 3*n - 496. What are the prime factors of m?
2, 5
Suppose 0 = -4*t + 474 + 874. List the prime factors of t.
337
Let r = 2 - -13. What are the prime factors of r?
3, 5
Let u be 2/2*(-9)/(-1). Let p(a) be the first derivative of -a**4/4 + 3*a**3 + a**2/2 - 3*a + 22. List the prime factors of p(u).
2, 3
Let q(s) = -s - 10. Let w be q(-8). Let l(v) = v**3 + v**2 - 2. Let b be l(-2). List the prime factors of w*(15/b - 1).
7
Suppose -3*f + 6 + 0 = 0. Suppose -p = -2*c, -5*p - 2*c = f*c - 56. What are the prime factors of -1 + 2 + -1 + p?
2
Let h(k) be the third derivative of -k**6/120 + k**5/10 + k**4/8 - 4*k**3/3 + 7*k**2. Suppose 0*i = 2*i - 12. List the prime factors of h(i).
2, 5
Let g(y) = -y + 2. Let o be g(2). Let f(m) = m**3 + 4*m**2 - m - 3. Let x be f(-3). Suppose o = 2*q + x - 25. What are the prime factors of q?
2
Let z = -49 - -230. What are the prime factors of z?
181
Let b(z) = z**2 - 4*z. Let p be b(5). Suppose -5*y + 40 = p*s, y - 2 = -0*y - 4*s. What are the prime factors of y?
2, 5
Suppose 5*d = -4*u + 384, -5*d = -2*u - 296 - 112. List the prime factors of d.
2, 5
What are the prime factors of 2/5 - (-5427)/45?
11
Let a = 101 - 61. Suppose 6 = 3*x, 0 = 3*l - 5*x - 22 - a. Let r = l + -17. What are the prime factors of r?
7
Let u(w) = -w**3 - 8*w**2 + w + 2. Let l be u(-8). What are the prime factors of l*3*(-6)/9?
2, 3
Let c = -10 - -9. What are the prime factors of (5 - c)*4/3?
2
Let p(t) = -3*t - t + 0*t + t**2 + 2 - 4. What are the prime factors of p(9)?
43
Suppose -72 = -2*j + 3*z, -5*z = -j - 0*z + 29. What are the prime factors of j?
3, 13
Let o = 4 + -4. Suppose o = -n + 3*n - 2. Suppose 4*p = 2*p + 5*b + n, 5*p - 2*b = 13. List the prime factors of p.
3
Suppose -34 = -4*u + 2*i, -2*u - 2 = 2*i - 4. Let r = u + 2. List the prime factors of -3 - -1 - r/(-2).
2
Suppose 4*w - 1 + 5 = -4*b, -b = 3*w + 7. Let q(n) = 2*n**2 + 3*n - 3. Let k be q(w). Let s = 19 - k. List the prime factors of s.
13
Let v be (-8)/(-4) - 0/(-2). Suppose -v = -5*r + 8. Suppose 0 = r*h + 3*d - d - 16, 0 = -d + 1. What are the prime factors of h?
7
Let x(f) = 3*f**2 + 8*f - 20. List the prime factors of x(-9).
151
Suppose -3*q + 5*q = 8. Suppose -5*r = y - q, 0 = 5*y + r + 2*r - 108. Let h = y + -14. List the prime factors of h.
2, 5
Let n be -1*(6/(-1) - -2). Suppose -r = -n*r. Suppose r = 3*g - 5*t - 5 - 3, -5*g + 26 = -2*t. What are the prime factors of g?
2, 3
List the prime factors of (-464)/(-7) - (-6)/(-21).
2, 3, 11
Let j = 49 + -23. What are the prime factors of j?
2, 13
Let v be 1/(-2) + (-19)/(-2). Suppose -b + 11 = -v. What are the prime factors of b?
2, 5
Suppose 10 = 3*z - 164. Suppose 2*x - z = -2*o + 4*o, -5*o = -25. List the prime factors of x.
2, 17
Let y(c) = c**2 - 3*c - 1. Let v be y(5). Suppose 0 = 3*d - v, 3*m + 5*d = 54 + 51. What are the prime factors of m?
2, 3, 5
Let h(s) = -4*s**3 + 4*s + 2. What are the prime factors of h(-3)?
2, 7
Suppose 3*r = -0*r + 105. What are the prime factors of r?
5, 7
Suppose a + 27 - 6 = -3*v, v = -2*a - 17. Let w be a/(-4)*(-2)/(-3). What are the prime factors of 0 + w + -3 + 8?
2, 3
Let n(k) = -2*k + 6. Let d be n(6). Let u = d - -9. Suppose -l + 1 = -u. List the prime factors of l.
2
Suppose -5 - 1 = -3*q. Suppose -v = -2*v + q. What are the prime factors of 4/2 + 24/v?
2, 7
Let o(s) = s**3 + 3*s**2 + 10*s - 5. List the prime factors of o(5).
5, 7
Suppose 0 = 3*s + 2*s + 35. What are the prime factors of 3*(-3)/3*s?
3, 7
Suppose 2*n - 2*h - 80 - 10 = 0, 3*h - 105 = -2*n. Suppose i = 3*i - n. Let t = i - 12. List the prime factors of t.
2, 3
Let p(k) = k**3 - 7*k**2 + 7*k + 1. Let q be p(7). Let r = -32 + q. What are the prime factors of r?
2, 3
What are the prime factors of (4 - 5) + (77 - -2)?
2, 3, 13
Let j(m) = m**3 - m**2 + m + 55. Let x be j(0). Suppose 33 = 4*v - x. What are the prime factors of v?
2, 11
Suppose 2*x - 5*l = 15, -3*x - 4*l = -2*l - 32. Suppose -n + x = -7. List the prime factors of n.
17
Suppose 4*c = 3*c + 15. Suppose -18 = -5*f - 3*g, 2*f - c = -5*g - 4. Suppose 5*l - 91 = -t, -f*l - 50 = -5*l + 3*t. List the prime factors of l.
19
Let l be (3/(-9))/((-5)/255). Let m = l + 4. List the prime factors of m.
3, 7
Let w be 120/21 + 2/7. Suppose 5*r + 5*g = 2*r + 208, 4*r + 4*g - 288 = 0. What are the prime factors of r/w - 4/6?
2, 3
What are the prime factors of 5/(-4)*8*-3?
2, 3, 5
List the prime factors of 12/18 - (-142)/3.
2, 3
Suppose -3*p - 87 = -3*q, 5*q - 4*q = -3*p + 9. What are the prime factors of q?
2, 3
List the prime factors of (1*-3)/((-21)/2632).
2, 47
Let a(u) = 11*u**2 + 9*u + 7. What are the prime factors of a(-6)?
349
Let a be -5*(-9 - (6 - 2)). Suppose 3*y - 85 = -2*c, -2*y + 3*c - a = -4*y. What are the prime factors of y?
5
Let x(b) be the second derivative of -b**5/20 - b**3/6 + 4*b**2 - b. Let k = -17 + 17. What are the prime factors of x(k)?
2
What are the prime factors of (1749/5 - -1) + 184/(-230)?
2, 5, 7
Let v = 6 + -2. What are the prime factors of 19*(v - 3)*1?
19
Suppose -2*r = 5*k - 538, -4*r = -2*k - 3*k - 1106. What are the prime factors of r?
2, 137
Suppose -i = -3*c - c + 8, 4*c - 2*i = 4. Suppose 3*t = -2*u + 42, -c*u + 5*t + 93 = 2*t. List the prime factors of u.
3
Let z(i) = i**2 - 5*i - 7. Let f be z(5). Let l(q) = -q**3 - 6*q**2 + 6*q + 9. What are the prime factors of l(f)?
2
Suppose 3*d + r - 242 = 0, 3*d - 2*d = -4*r + 99. Suppose 3*p - d = -3*w - w, -4*p + 4*w + 96 = 0. What are the prime factors of 4/(-10) + 310/p?
2, 3
Suppose 3*n = 4 - 16. Let t be 87*(1 + n/6). Suppose -4*p - w + t = -p, -w = -4*p + 34. What are the prime factors of p?
3
What are the prime factors of 9/(36/80) + -2?
2, 3
Let n = 0 - 11. Let m be -1*3 - (-18 + -3). Let b = m + n. What are the prime factors of b?
7
Suppose -2*l + 4*b = -0*l - 54, -4*b + 12 = 0. What are the prime factors of l?
3, 11
Let k = -4 - 2. Let x(p) = -p**2 - 6*p. Let b be x(k). Suppose b*o + 2*o + 2*w - 54 = 0, -3*w = 5*o - 127. List the prime factors of o.
23
Suppose 4*z + 0*z = 16. Suppose 2*d + 3*n = -8, 0 = -6*d + 4*d + z*n + 20. List the prime factors of d.
2
Let f(m) = -3*m - 2. Let o be f(5). Let j = 1 - o. What are the prime factors of j?
2, 3
Let o be 3/(27/(-3))*-9. Suppose -o*j - 3*h = -0*h - 96, -4 = 2*h. Suppose 3*r - 8 = j. What are the prime factors of r?
2, 7
Suppose 4*w - 2*w - 10 = 0. Suppose -w*g = 3*y - 17, -g - 2 = -y + 9. List the prime factors of y.
3
Let k(t) = 2*t - 2. Let d be (7 + -3)*(-1)/(-2). Let y be k(d). Suppose y*p + 47 = 5*h + p, -2*h + 2*p + 22 = 0. List the prime factors of h.
3
Suppose -5*m - 25 = 0, 6*l - 2*m - 151 = 3*l. Suppose -4*j + 2*i + l = -3, 0 = -2*i - 2. What are the prime factors of j?
2, 3
Let y = 25 + -17. List the prime factors of y.
